is the hundreds digit of 383?
3
What is the units digit of 9284?
4
What is the hundreds digit of 856?
8
What is the hundreds digit of 3601?
6
What is the hundreds digit of 1989?
9
What is the tens digit of 217?
1
What is the tens digit of 871?
7
What is the hundreds digit of 1076?
0
What is the tens digit of 16649?
4
What is the units digit of 323?
3
What is the units digit of 29480?
0
What is the tens digit of 604?
0
What is the units digit of 2508?
8
What is the thousands digit of 8821?
8
What is the ten thousands digit of 192684?
9
What is the ten thousands digit of 15955?
1
What is the thousands digit of 3239?
3
What is the hundreds digit of 117921?
9
What is the tens digit of 170?
7
What is the units digit of 5766?
6
What is the thousands digit of 1574?
1
What is the units digit of 12301?
1
What is the hundreds digit of 1539?
5
What is the thousands digit of 10628?
0
What is the units digit of 437?
7
What is the tens digit of 67483?
8
What is the units digit of 3498?
8
What is the thousands digit of 1141?
1
What is the units digit of 17297?
7
What is the tens digit of 57?
5
What is the tens digit of 48567?
6
What is the units digit of 4978?
8
What is the hundreds digit of 303?
3
What is the thousands digit of 1468?
1
What is the thousands digit of 32079?
2
What is the tens digit of 4928?
2
What is the thousands digit of 1419?
1
What is the thousands digit of 3160?
3
What is the units digit of 47813?
3
What is the units digit of 91?
1
What is the thousands digit of 5796?
5
What is the units digit of 402?
2
What is the hundreds digit of 518?
5
What is the units digit of 454?
4
What is the tens digit of 73727?
2
What is the thousands digit of 1611?
1
What is the tens digit of 18009?
0
What is the hundreds digit of 133?
1
What is the units digit of 48125?
5
What is the tens digit of 1988?
8
What is the tens digit of 27775?
7
What is the thousands digit of 5594?
5
What is the tens digit of 4013?
1
What is the hundreds digit of 874?
8
What is the hundreds digit of 61002?
0
What is the units digit of 37168?
8
What is the units digit of 1725?
5
What is the units digit of 449?
9
What is the units digit of 47330?
0
What is the tens digit of 112568?
6
What is the tens digit of 71125?
2
What is the units digit of 566?
6
What is the units digit of 2164?
4
What is the units digit of 1380?
0
What is the tens digit of 2189?
8
What is the units digit of 34?
4
What is the tens digit of 589?
8
What is the hundreds digit of 110?
1
What is the units digit of 390?
0
What is the thousands digit of 1155?
1
What is the tens digit of 4304?
0
What is the thousands digit of 27107?
7
What is the ten thousands digit of 29408?
2
What is the ten thousands digit of 14222?
1
What is the hundreds digit of 111707?
7
What is the units digit of 474?
4
What is the thousands digit of 42497?
2
What is the thousands digit of 28763?
8
What is the tens digit of 88057?
5
What is the tens digit of 4882?
8
What is the tens digit of 1082?
8
What is the units digit of 3343?
3
What is the hundreds digit of 343?
3
What is the hundreds digit of 4263?
2
What is the units digit of 84347?
7
What is the units digit of 5879?
9
What is the units digit of 2971?
1
What is the hundreds digit of 5348?
3
What is the tens digit of 41688?
8
What is the thousands digit of 7575?
7
What is the units digit of 10244?
4
What is the hundreds digit of 11438?
4
What is the hundred thousands digit of 157788?
1
What is the units digit of 14335?
5
What is the tens digit of 2075?
7
What is the thousands digit of 1805?
1
What is the units digit of 1885?
5
What is the units digit of 3896?
6
What is the thousands digit of 15830?
5
What is the thousands digit of 1155?
1
What is the tens digit of 18255?
5
What is the thousands digit of 83225?
3
What is the units digit of 11669?
9
What is the units digit of 60019?
9
What is the thousands digit of 24460?
4
What is the tens digit of 38058?
5
What is the ten thousands digit of 17793?
1
What is the units digit of 1729?
9
What is the hundreds digit of 704?
7
What is the tens digit of 4932?
3
What is the units digit of 12051?
1
What is the units digit of 32564?
4
What is the hundreds digit of 2230?
2
What is the tens digit of 860?
6
What is the units digit of 1294?
4
What is the hundreds digit of 3039?
0
What is the hundreds digit of 2400?
4
What is the tens digit of 3096?
9
What is the hundreds digit of 22246?
2
What is the thousands digit of 1019?
1
What is the hundreds digit of 7414?
4
What is the thousands digit of 10250?
0
What is the tens digit of 5622?
2
What is the hundreds digit of 819?
8
What is the units digit of 3284?
4
What is the tens digit of 9081?
8
What is the ten thousands digit of 26315?
2
What is the tens digit of 5778?
7
What is the tens digit of 1791?
9
What is the units digit of 3023?
3
What is the tens digit of 1053?
5
What is the ten thousands digit of 55025?
5
What is the tens digit of 93837?
3
What is the units digit of 788?
8
What is the hundreds digit of 856?
8
What is the tens digit of 12267?
6
What is the hundreds digit of 591?
5
What is the hundreds digit of 18960?
9
What is the hundreds digit of 37169?
1
What is the thousands digit of 51970?
1
What is the hundreds digit of 420?
4
What is the tens digit of 360?
6
What is the thousands digit of 126573?
6
What is the tens digit of 1598?
9
What is the ten thousands digit of 11300?
1
What is the thousands digit of 31638?
1
What is the thousands digit of 2389?
2
What is the tens digit of 40885?
8
What is the units digit of 672?
2
What is the tens digit of 69?
6
What is the units digit of 37523?
3
What is the thousands digit of 1869?
1
What is the hundreds digit of 3913?
9
What is the tens digit of 14581?
8
What is the units digit of 1014?
4
What is the units digit of 940?
0
What is the ten thousands digit of 33911?
3
What is the hundreds digit of 426?
4
What is the thousands digit of 8243?
8
What is the hundreds digit of 1005?
0
What is the tens digit of 31555?
5
What is the hundreds digit of 854?
8
What is the tens digit of 14264?
6
What is the hundreds digit of 23576?
5
What is the thousands digit of 4903?
4
What is the units digit of 58544?
4
What is the tens digit of 1809?
0
What is the ten thousands digit of 14332?
1
What is the tens digit of 7692?
9
What is the tens digit of 12755?
5
What is the hundreds digit of 74074?
0
What is the ten thousands digit of 18337?
1
What is the thousands digit of 38370?
8
What is the tens digit of 4870?
7
What is the tens digit of 7239?
3
What is the tens digit of 1455?
5
What is the hundreds digit of 7080?
0
What is the tens digit of 2389?
8
What is the thousands digit of 5337?
5
What is the tens digit of 652?
5
What is the thousands digit of 1777?
1
What is the units digit of 19227?
7
What is the hundreds digit of 16717?
7
What is the tens digit of 17152?
5
What is the ten thousands digit of 82217?
8
What is the units digit of 525?
5
What is the tens digit of 468?
6
What is the tens digit of 29?
2
What is the units digit of 3?
3
What is the tens digit of 3528?
2
What is the ten thousands digit of 14110?
1
What is the units digit of 18116?
6
What is the units digit of 2640?
0
What is the tens digit of 4840?
4
What is the hundreds digit of 15384?
3
What is the units digit of 1744?
4
What is the units digit of 704?
4
What is the hundred thousands digit of 172483?
1
What is the tens digit of 16051?
5
What is the hundreds digit of 103?
1
What is the thousands digit of 2330?
2
What is the tens digit of 10678?
7
What is the units digit of 2215?
5
What is the units digit of 20082?
2
What is the hundreds digit of 51552?
5
What is the hundreds digit of 30988?
9
What is the units digit of 4194?
4
What is the thousands digit of 1921?
1
What is the thousands digit of 25048?
5
What is the tens digit of 1587?
8
What is the ten thousands digit of 28416?
2
What is the thousands digit of 3001?
3
What is the thousands digit of 77222?
7
What is the ten thousands digit of 40287?
4
What is the units digit of 372?
2
What is the hundreds digit of 2687?
6
What is the units digit of 30770?
0
What is the tens digit of 10321?
2
What is the tens digit of 58127?
2
What is the hundreds digit of 66346?
3
What is the hundreds digit of 18675?
6
What is the thousands digit of 14077?
4
What